 What are the prime factors of n?
2
Let h = -4 + 0. List the prime factors of 2*((-30)/h)/3.
5
Let b(c) = -c + 7. Let d be b(7). Suppose -j + 8 + 11 = d. List the prime factors of j.
19
Let h(a) = 5*a - 4*a - 6*a. Let x = -6 - -4. List the prime factors of h(x).
2, 5
Let u be -8*((-6)/4)/3. Suppose -g + 5*h = 20, -10 = 2*h - u*h. What are the prime factors of g?
5
Suppose 2*p = -5*z - 4, 3*p - 3*z = -1 + 16. Let o(i) = 6*i - 11. Let x be o(4). Let l = x - p. What are the prime factors of l?
2, 5
Let f = -36 + 46. What are the prime factors of f?
2, 5
Suppose 15 = 2*r + 3*c, 2*r + 5*c - 8*c + 15 = 0. List the prime factors of 6*5 - (r - -2).
2, 7
Let u(d) = -2*d**2 + 6*d - 8. Let m(a) = -a**2 + 5*a - 7. Let p(j) = 4*m(j) - 3*u(j). List the prime factors of p(-3).
2
Suppose 0 = -3*p + 122 + 226. Suppose 5*m - 4*y + 11 = p, -2*y + 60 = 2*m. What are the prime factors of m?
5
Suppose -6*p - 368 = -2*p. Let l = p - -136. List the prime factors of l.
2, 11
Let n be ((-2)/7)/(2/(-14)). Suppose 3*z = 2*a + n*z - 54, a = -3*z + 20. List the prime factors of a.
2, 13
Suppose -2*x - 2*p = -85 - 53, 209 = 3*x + 5*p. List the prime factors of x.
2, 17
Let f(x) = -5*x**2 + 9*x - 7. Let r(i) = -4*i**2 + 10*i - 8. Let k(h) = 2*f(h) - 3*r(h). Let v be k(10). Suppose -2*g = 3*g - v. List the prime factors of g.
2, 3
Let h(v) = -v**2 - 6*v + 4. Suppose 6*u - 3*u - 2*x + 14 = 0, 5*u - 4*x + 22 = 0. List the prime factors of h(u).
2
Suppose 3*k + 3*s + 9 = 2*s, 5*k - 4*s = -32. Let c = 9 + k. Suppose -c*z = 2*q - 33 + 11, 44 = 4*q + 2*z. What are the prime factors of q?
11
Suppose 132 = 4*v + 5*f, 132 = 3*v + v + 2*f. List the prime factors of v.
3, 11
Let n(s) = s**3 - 10*s**2 - 14*s - 19. What are the prime factors of n(13)?
2, 3, 17
Let y = 60 + -28. Suppose 0 = 3*g - 46 - y. List the prime factors of g.
2, 13
Let j = 3 + -3. Suppose j*g = -g. Suppose g*h + 2*h - 24 = 0. What are the prime factors of h?
2, 3
Suppose 0*s = 3*s - 6. Let h be (4/12)/(s/(-6)). What are the prime factors of (-18)/(2/h) + -1?
2
Let r(i) be the second derivative of -i**4/12 + 4*i**3/3 - 3*i**2 + 8*i. What are the prime factors of r(4)?
2, 5
What are the prime factors of 278/3*(-9)/(-6)?
139
Let y(d) = -d**3 - 7*d**2 + 2*d + 7. Let m be y(-7). Let s be (9/4)/(11/44). Let z = m + s. List the prime factors of z.
2
Let z(g) = 4*g - 20. Let j(s) = s - 7. Let a(v) = 8*j(v) - 3*z(v). What are the prime factors of a(-3)?
2
Suppose -3*s + 31 = 2*s - 4*i, -5*i - 11 = 3*s. Suppose s*b = v + 7 + 13, -4*b - 4*v + 32 = 0. List the prime factors of b.
7
Suppose -9*n + 5*n - 8 = 0. Let j = n + 7. What are the prime factors of j?
5
Let z(t) = -t**2 - 8*t - 3. Suppose -5*w - 3*x - 36 = 0, -x = -w + 4*x + 4. What are the prime factors of z(w)?
3
Let r = -13 - -12. What are the prime factors of 47 + r/(4/16)?
43
Let k = 1 + 4. Suppose -4*h + 3*g = -1 - 2, 5 = 4*h - k*g. Suppose h = -3*z - d + 31 + 3, d + 14 = z. List the prime factors of z.
2, 3
Let l = 8 + -6. Suppose -w - 25 = -6*w, -l*w + 91 = 3*u. What are the prime factors of u?
3
Let y(q) be the first derivative of q**6/360 + q**5/30 + q**4/4 - q**3/3 + 2. Let z(w) be the third derivative of y(w). What are the prime factors of z(-5)?
11
Suppose -3*k - 58 = -5*p, -40 = -4*p - k + 5*k. Let q = p - 1. What are the prime factors of q?
13
Suppose 4*u + 3 + 29 = -x, -12 = -3*x. Let h = u - -18. List the prime factors of (-101)/(-9) + (-2)/h.
11
Suppose 5 = 5*t + 5*u, 2*u + 2*u = -12. Let k = -1 + 5. Suppose k*x - 3*g = 49, -t*x - g + 37 = -0*g. List the prime factors of x.
2, 5
What are the prime factors of (-7)/((2/(-3))/2)?
3, 7
Let g = 40 - 9. What are the prime factors of g?
31
Let b = 59 - 16. What are the prime factors of b?
43
Let d = -10 + 14. Let f be ((-18)/(-15))/(1/30*9). Suppose -4*y - f = -d*s, 4*s - 1 = 2*s + 3*y. What are the prime factors of s?
2
Let i = -68 - -192. What are the prime factors of i?
2, 31
Let t(j) = -j**2 - 6*j - 6. Let y(k) = k + 1. Let p(w) = t(w) + 4*y(w). Let a be p(-3). Let d = 22 + a. List the prime factors of d.
17
Let q(v) = -v + 4. Let p be (-8)/(-12) - 2/(-6). Let x be (-1 - (p + 0)) + -5. What are the prime factors of q(x)?
11
Suppose 13 = h - 2*h. List the prime factors of -3 - -5 - (1 + h).
2, 7
Suppose 2*u + 4 = b, 0*b - 3*u + 59 = 5*b. What are the prime factors of b?
2, 5
Suppose 8 = -3*h + 176. Suppose -r = 3*r - h. List the prime factors of r.
2, 7
Let n(u) = 4*u - 4. Let k be n(4). Let r = k + -4. Suppose 0 = -2*g + g - d + r, 0 = g - 2*d - 5. List the prime factors of g.
7
Let y(r) = r**3 - 4*r**2 + r - 8. What are the prime factors of y(6)?
2, 5, 7
Suppose -35 - 81 = -2*n. What are the prime factors of n?
2, 29
Let x(r) be the third derivative of 3*r**3 + 2*r**2 - 13/24*r**4 + 1/60*r**5 + 0 + 0*r. List the prime factors of x(13).
2, 3
Let l(s) = -s + 22. List the prime factors of l(18).
2
Suppose 3*b = -0*b - 3, 8 = z - 2*b. Let u = -3 + z. Suppose -u*r + 4*r - 12 = 0. What are the prime factors of r?
2, 3
Let k be -1*1 + -7 + 10. Suppose -q = -k*j + 25, -18 = -3*j + 5*q + 30. What are the prime factors of j?
11
Suppose 2*p = 0, 3*l + l - 8 = -p. Suppose l*v = v + 21. Suppose 3*d + 3*t = -0*t + v, -d - 5 = 4*t. What are the prime factors of d?
11
What are the prime factors of 0 - (2*-17 - 2)?
2, 3
Let d = 165 - 87. Suppose -5*h + d = -2*h. What are the prime factors of h?
2, 13
Suppose 3*p = -5*b + 77, 0*b + 3*p - 61 = -4*b. Suppose 0 = 5*v + h - b, -2*h = v - h. Let x = v - -1. List the prime factors of x.
5
Let j(y) = -y**3 - 6*y**2 - 2*y - 7. Let u be j(-6). Suppose u*f + 15 - 40 = 0. List the prime factors of f.
5
Suppose 3*l = -3, 5*x - 17 = -2*l + 1. Let i(r) = 2*r - 3. Let b be i(x). Let s = b - -3. List the prime factors of s.
2
Suppose 4*c - 14 - 42 = 0. Let l = c - 29. List the prime factors of (-3)/(-12) - l/4.
2
Let t = -8 - -10. Suppose -s = d, d - 5 = -2*d - t*s. What are the prime factors of (3 - d) + 17/1?
3, 5
Let b(a) = -9*a + 1. Let r = 0 + -1. List the prime factors of b(r).
2, 5
Suppose 3*h - 263 = -2*z, 0*z - 264 = -3*h - 3*z. List the prime factors of h.
3, 29
Let x(a) = -a**3 - 11*a**2 + 10*a - 15. Let c be x(-12). Suppose 4*l - 67 - c = 0. What are the prime factors of l?
19
Let j(i) = -3 - 10*i**2 + 4*i + 15*i**2 + 5. List the prime factors of j(-2).
2, 7
Suppose -x = -a + 108 + 81, 0 = 2*a - 5*x - 378. List the prime factors of (a/(-18))/(3/(-14)).
7
Suppose -5*f + 9 = -16. Let n(o) = 2*o**2 - 4*o + 1. Let i be n(f). Suppose -i = -4*d + 2*c + 39, d = -4*c + 31. What are the prime factors of d?
19
Let y = 91 + -37. What are the prime factors of y?
2, 3
Let x(c) = 7*c**2 + 5*c + 3. What are the prime factors of x(-4)?
5, 19
Suppose -5*t = 0, 0*t + 4*t = -3*n + 45. Let v = -5 + n. List the prime factors of v.
2, 5
Suppose t - 5*x = -7, -2*x = 2*t - x + 14. Let k(m) = m**2 + 5*m + 1. Let j be k(t). Suppose -2*r + 17 = -j. What are the prime factors of r?
2
Let a(c) = 2*c + 0*c**3 + 4 + 4*c**2 + c**3 + 0. Let w be a(-4). Let m = w + 7. List the prime factors of m.
3
Let q(s) = s - 8. Let w be q(6). List the prime factors of 1 + (44 - w - 3).
2, 11
Let h(j) = j**2 - 8*j + 7. Let w be (-2)/(-1) - (-8 + 2). List the prime factors of h(w).
7
Let g(k) = -k**3 - 4*k**2 + 5*k + 5. Let s be g(-5). Suppose 128 = s*x - c, 2*x - 38 = -c - 3*c. List the prime factors of x.
5
Let r(o) = -6*o - 6. Let k be 4/(-10) - 18/5. What are the prime factors of r(k)?
2, 3
Let o(a) = a + 6. Let r be o(-6). Let n(j) = -j. Let c be n(r). What are the prime factors of (-4)/((1 + c)*-2)?
2
Let q(p) be the second derivative of p**5/20 - 3*p**4/4 - 3*p**3/2 - 4*p**2 - p. List the prime factors of q(10).
2
Let m(r) = 36*r - 11. What are the prime factors of m(4)?
7, 19
Let r(l) = l + 13. Let t be r(0). Let g = t - -2. What are the prime factors of g?
3, 5
Let g(x) = x**2 + 3*x + 1. Suppose 0 = -8*z + 4*z - 16. List the prime factors of g(z).
5
Let j be (-1)/3 - 84/(-9). Suppose 4*b - n - 1 = 20, -5*b + 3*n = -35. Let q = j - b. List the prime factors of q.
5
Let p(g) = 2*g + 2. Let i be p(-5). Let x(f) be the first derivative of f**2/2 + 17*f + 3. What are the prime factors of x(i)?
3
Let f(l) = -l + 9. Let h be f(8). Let j be 39/12*h*20. Suppose 3*c + 2*c = j. List the prime factors of c.
13
Let c(l) = -l